ose -u + 2*p = -223, u - 3*p + n*p - 220 = 0. What is the tens digit of u?
2
Let p be (-6)/(-18)*0/(-1). Suppose p = 3*u - 4*v - 169, 3*u - v = -u + 234. What is the units digit of u?
9
Let g = 35 + -47. What is the units digit of g/((18/(-240))/(4/5))?
8
Let f be (-17)/(1/1) + -1. Let t be f/(-117) + 394/(-26). Let u = t + 16. What is the units digit of u?
1
Let f(s) = -15*s + 10. Let x = 48 - 52. What is the tens digit of f(x)?
7
Suppose 4*j + 12*l - 7*l = 7470, -3*j - l = -5597. What is the hundreds digit of j?
8
Suppose 5*r - w - 290 = 0, -r - 2*r + 167 = -2*w. Let a = r - 47. What is the units digit of a?
2
Suppose 0*z + 3*z + 5 = x, 2*x = 3*z + 10. Suppose 5*u = -20, x*l + 2*u - 26 = 91. Suppose 0*c + l = 5*c, -3*b = -3*c - 144. What is the units digit of b?
3
Suppose 4*w = -3*f - 57, 5*f - f - 38 = w. Let i = w - -28. What is the units digit of 16/40 - (-46)/i?
5
Suppose 2*d + 2*m - 19 = 17, -m - 36 = -2*d. Let f be (-4)/18 - (-76)/d. Suppose -3*j = s - f*s - 45, -1 = j + 3*s. What is the tens digit of j?
1
Suppose 7*r + 22 = 8*r. Let b = r - 20. Suppose -x - 45 = -2*y - b*x, 2*y - 2*x = 30. What is the units digit of y?
0
Suppose 2*b - 3*s = -3*b + 94, 0 = 5*b + 4*s - 73. Let u = -8 + b. Suppose m + 0*m - 5*d = u, -5*d = 3*m - 27. What is the units digit of m?
9
Let u = -22 - -68. Suppose 0 = -2*v - 16 + u. What is the units digit of v?
5
Suppose -5*r - 5 + 35 = 0. Let x(s) = -1 + r - 2*s + 8. What is the units digit of x(-6)?
5
Let p = 5 - 5. Suppose -r + 88 = 5*i, -4*i - 2*r = -p*r - 74. What is the tens digit of i?
1
Let l(r) = r - 53 + 6*r**2 + 0*r + 48 - 3*r. What is the units digit of l(3)?
3
Let w(m) = -102*m + 93*m - 39 + 10. What is the units digit of w(-8)?
3
Let z be (((-2728)/12)/11)/(2/6). Let p = 33 - z. What is the tens digit of p?
9
Suppose 2*d + 0*k = -5*k + 85, -2*d = 3*k - 75. Let l = 124 + d. What is the tens digit of l?
5
Let b(j) = j**2 + 3*j - 2. Let z be b(3). Suppose -4*h + 2*n = -2*n + z, 0 = 5*n. Let k = -3 - h. What is the units digit of k?
1
Suppose 4 = 2*x - 5*k, -2*x = -3*k - 10 + 2. Suppose 5*f + 4*q = -6, 0 = 2*f - x*f + q + 14. Suppose 0*l - 44 = -f*l. What is the units digit of l?
2
Let t(q) = -441*q**3 + 2*q**2 - q - 3. What is the units digit of t(-1)?
1
Let f(w) = -2*w - 11. Let t be f(-6). Suppose -3*v + 4*a = -2*v + t, -5*a + 17 = -3*v. What is the tens digit of (v/(-2))/((-7)/(-56))?
3
Let c(p) = p**3 + 12*p**2 - 7*p - 27. Let i be (-1 - 0)*(-60)/(-5). What is the units digit of c(i)?
7
Let n(k) be the first derivative of 10*k + 2/3*k**3 + 6*k**2 + 10. What is the units digit of n(-8)?
2
Suppose 5*x = d + 2*d - 4688, 4*d - 6274 = -5*x. What is the thousands digit of d?
1
Suppose q + d = 0, q + 2 + 7 = 2*d. What is the tens digit of (6/q)/((-6)/147)?
4
Let o be -7 + (-3 - (1 - (-1 + 5))). What is the tens digit of (o/(-7))/(3/(-321)*-1)?
0
Let w(t) = 5*t - 1. Let k be w(2). Suppose 0*b = 3*b - k. Suppose -5*o + 27 = b*y, 0 = 3*o - 7*o. What is the units digit of y?
9
Let z = -9 - -12. Let i = z - -1. Suppose 5*s - 4*m = -3*m + 5, m - 13 = -i*s. What is the units digit of s?
2
Suppose -m + 8*m + 28 = 0. What is the units digit of 71 - (2 - -2)/m?
2
Let d(p) = 2*p**2 - p - 3. Let m(l) = l**3 + 10*l**2 + l + 13. Let f(s) = 12*s + 2. Let y be f(-1). Let o be m(y). What is the tens digit of d(o)?
1
Let z be (-4)/(-8)*-10*-9. Suppose -50*x + 125 = -z*x. What is the tens digit of x?
2
Let v(k) = -4*k + 4. Let x be v(2). Let b(l) = 6*l**2 - 6. What is the tens digit of b(x)?
9
Suppose g + 36 = 5*g. Suppose 0 = -g*x + 8*x - 16. Let t = -14 - x. What is the units digit of t?
2
Let j(i) = 10*i - 26. Let f be j(5). Suppose f*h - 1272 = 20*h. What is the hundreds digit of h?
3
Suppose -79*m - 2310 = -2*j - 83*m, 0 = 4*m + 4. What is the units digit of j?
7
Suppose -4*x = -18 - 22. Let p be -5*(-6)/x - -2. Suppose 2*u - 156 = -p*h, -4*u + 5*h - h = -312. What is the tens digit of u?
7
Let b(w) = -w - 6 - 7 + 2. Let u be b(-11). Suppose -5*j + 3*j + 94 = u. What is the tens digit of j?
4
Suppose 23 + 17 = -4*a. Let c = -7 - a. Suppose c*g + g - 50 = 5*n, 5*g = -n + 77. What is the tens digit of g?
1
Suppose -2*r = 2*n + 26, -3*n - 2 = r + 27. What is the units digit of (5/(30/4) + n)*-12?
8
Suppose 2 = 2*c, -4*u - 5 = c + 26. What is the tens digit of 36/u*44/(-6)?
3
Suppose 0 = -3*v + i - 17, -2*v = -7*v - 3*i - 33. What is the hundreds digit of (-31)/(4/(-10)*v/(-12))?
1
Let i be 16/(-3)*21/14. Let q be 9 - (3 + -4 + -2). Let t = q + i. What is the units digit of t?
4
Suppose q - 44 = 3*z, -3*q = 5*z + 2*q + 60. Let l = z - -14. Suppose l = -23*t + 27*t - 228. What is the units digit of t?
7
Suppose 5*p + 80 = -0*p. Let g be 4/p*0*-1. Suppose 5*z + 51 = c, g*c - 2*c + 74 = -3*z. What is the tens digit of c?
3
Let h = 48 - 40. Let m(t) = -t**3 + 8*t**2 + 4*t + 9. What is the tens digit of m(h)?
4
Suppose -339 = -l + 76. What is the tens digit of l?
1
Let o = 27 - 13. Let u = 439 + -437. Suppose o = 3*f - u*f. What is the tens digit of f?
1
Let q(l) be the second derivative of 3*l**5/5 + l**4/3 - 7*l**3/6 + 4*l**2 - 20*l. What is the units digit of q(2)?
6
Suppose 3*d - 12 = -d. Suppose -4*j + 4 = 0, -3*y = 2*j + d*j - 461. What is the tens digit of y?
5
Let f be -2 + (0/(-4) - -9). What is the units digit of f/((-7)/24)*-2?
8
Let w be (24/15)/(2/10). Suppose -202 = -w*d + 238. What is the tens digit of d?
5
Suppose -4*l + 2*l = -4. Suppose 5*d - 28 = -z, 2*z + l*d + 0 = 16. Suppose 4*n = r + 52, -3*n + 6*n - 48 = z*r. What is the tens digit of n?
1
Let z(x) = 127*x**2 + 9*x - 4. What is the units digit of z(-4)?
2
Let z(p) = p - 10. Let t be z(14). Suppose 2*v - t = 14. What is the units digit of -1 + (v - (2 - -2))?
4
Let j = 923 - 650. What is the hundreds digit of j?
2
What is the tens digit of (-9 - 510)*(-11 + 0)?
0
Let k = -25 + 27. Suppose -k*z - 2*o = -o - 108, 4*z - 188 = 5*o. What is the tens digit of z?
5
Let r(q) be the second derivative of -q**5/20 - q**4/3 - 5*q**3/6 - 2*q**2 + 7*q. Let n be r(-4). Let x = n - -8. What is the tens digit of x?
2
What is the units digit of ((-3984)/48)/(1/(-9))?
7
Let q be (0 - -12)*1/2. Suppose 3*m = -o - q, m + 6 = 3*o - 6. Suppose -o*z + 7*z = 24. What is the units digit of z?
6
Let u(v) = 13*v - 177. What is the hundreds digit of u(26)?
1
Let w(u) = u + 10. Let i be w(0). Let p be -112*(i/4 + -3). Suppose 3*h + 21 + 15 = 2*m, -2*h = -4*m + p. What is the tens digit of m?
1
Suppose 2*f = -3*z + 1284, 0 = -3*f - 4*z + 927 + 997. Suppose 49*x = 43*x + f. What is the tens digit of x?
0
Let t = -295 - -1308. What is the tens digit of t?
1
Suppose 0 = -0*t - 4*t - 100. Let s = t + 80. What is the tens digit of s?
5
Let v(j) = -j**3 + 5*j**2 + 7*j - 3. Let i be v(6). Suppose 3*c = 2*s + 181, 4*c + i*s - 168 = 96. What is the units digit of c?
3
Let d(y) be the first derivative of y**3/3 + 7*y**2/2 + 4*y + 3. Let f be d(-7). Suppose f*n - 103 + 19 = 0. What is the units digit of n?
1
Let l(w) = -w + 10. Let o be l(7). Suppose o*k + 0 = -6. What is the units digit of (-5 - k)/((-6)/16)?
8
Let b(k) = 396*k - 919. What is the tens digit of b(5)?
6
Suppose 6*j - v - 7 = 2*j, 3*v = -4*j - 5. Let l be 4 - (0 + (-2)/j). Suppose -l*k + k = -215. What is the units digit of k?
3
Let i = 172 + -337. Let f = -32 - i. What is the hundreds digit of f?
1
Let o be (-66)/(-36) + (-2)/(-12). Let x = 12 + 29. Suppose 5*c + 3*r - 196 = 0, o*r + x = c + 7. What is the tens digit of c?
3
Suppose -3*y + 10325 = -2*r - 80, -y + r + 3470 = 0. What is the units digit of y?
5
Let h = 61 - -502. What is the units digit of h?
3
Let y(c) = 35*c - 149. What is the units digit of y(10)?
1
Let o be (1/2)/(2/516). Suppose -2*l + 41 = 3*d - 70, 0 = -3*l + 3*d + o. What is the tens digit of l?
4
Let g(w) be the second derivative of 7*w**3/6 - 25*w**2/2 - 12*w. Let i(a) = -a**2 + 11. Let h be i(0). What is the tens digit of g(h)?
5
Suppose -3*h + 219 = -3*f, 5*h + 3*f - 2*f = 377. Suppose 7*k = 481 - h. What is the tens digit of k?
5
Suppose 0*a = a + 16. Let p = 36 + a. What is the tens digit of p?
2
Let n = 19 + -10. Let i = -7 + n. What is the tens digit of -20*i/(2 + -4)?
2
Let z = -673 - -873. What is the tens digit of z?
0
Let s(z) = -z**3 + 6*z**2 + 5*z - 1. Let q be s(5). Suppose -3*p + c = -